te number?
False
Let z(v) = 85*v + 3. Is z(10) a prime number?
True
Let b = -28 + 104. Let z = 267 - b. Is z a prime number?
True
Suppose 0 = -5*n - 3*f + 3342, 2009 = 3*n - 2*f - 0*f. Suppose n - 73 = 4*m. Is m a prime number?
True
Suppose 2*u = 3 - 1. Is u/5 - 58/(-10) a prime number?
False
Let r = -2 - 2. Let l be (2/r)/(3/(-162)). Let p = l - -6. Is p prime?
False
Is 1*(3 - 2) + 54 prime?
False
Let n(s) = 8*s**2 - 2*s - 2. Let u be n(-1). Suppose u*r - 537 = 5*r. Is r a composite number?
False
Suppose -5*h = n - 26, -2*n + 5*h - 11 = -3. Let i(v) be the third derivative of 5*v**4/24 - 7*v**3/6 - 4*v**2. Is i(n) a composite number?
False
Let t be (-1)/5 + 584/20. Suppose -2*v + 251 = 4*s + t, -3*v + 325 = -2*s. Is v a composite number?
False
Let j = -153 + 314. Is j prime?
False
Suppose 3*b - 44 = -c - 0*b, -3*b = -5*c + 184. Is c a prime number?
False
Let o(x) = x**2 - 3*x - 3. Let s be ((-6)/(-8))/((-1)/(-8)). Let i be o(s). Suppose 6*a - i = a. Is a composite?
False
Suppose 3*x + 2 = 4*c - 8, -c = -4*x + 4. Let d(h) = -6*h**3 + 3*h**2 + 8*h + 1. Let v(t) = t**3 + t**2 + t + 1. Let y(q) = c*v(q) - d(q). Is y(2) prime?
True
Let l(c) = c**2 - 9*c + 7. Let k be l(8). Is ((-9)/6)/(k/22) composite?
True
Let k be -4 + 3 + 3 + -2. Suppose -15 = -k*l - l. Is l a prime number?
False
Suppose 0 = d - 1 + 4. Let o be -3 + 82 - (d - -1). Suppose 2*n + s = 149 + o, -4*s = -5*n + 575. Is n a prime number?
False
Let q be 2/(3*4/(-30)). Let r = q - -3. Is 203/3 - r/(-3) prime?
True
Suppose 3*o + 0*i - 29 = 5*i, -4*o + 3*i = -24. Suppose o*d + 6 = 24. Is d a prime number?
False
Let c = 21 + -6. Is c prime?
False
Let s(d) = -d**2 - 3*d - 1. Let m be s(-4). Let w(c) = c**3 + 4*c**2 - 4*c + 4. Let i be w(m). Is i - (-5)/(15/72) composite?
False
Let s = -125 + 237. Suppose -3*u = -u - 406. Let n = u - s. Is n a prime number?
False
Let g(m) = -7*m**3 - m**2 - 6*m. Let p(o) = 15*o**3 + 2*o**2 + 11*o + 1. Let x(q) = -5*g(q) - 3*p(q). Is x(-2) a prime number?
True
Let t be (3/1)/(1/(-1)). Let h = t - -9. Suppose -o = -h*o + 110. Is o composite?
True
Suppose l = -4*l + 3*y - 50, -5*l = 3*y + 20. Let v be l/(21/228) + 0. Is 1 - (v - (3 - 1)) composite?
False
Let o(r) = r**3 - r**2 + r - 2. Let s be o(2). Let g(i) = i**2 + 6*i - 8. Let f be g(-13). Suppose -5*x + 65 = -5*u, -4*x + 9*x + s*u = f. Is x prime?
False
Suppose 0*c - 3580 = -4*c. Is c a prime number?
False
Let t be (0/(1*-2))/(-2). Let v be (t + (1 - -36))*-1. Let d = 168 + v. Is d prime?
True
Let c = -12 + 22. Let z = 23 + c. Is z composite?
True
Let l be (-4)/22 + (-453)/(-11). Let g be (-582)/30 + (-2)/(-5). Let f = l + g. Is f a composite number?
True
Let w(l) = -2*l - 15. Let k be w(-11). Suppose -10 = 2*f - k*f. Suppose -5*q = -4*i - 24 + 138, -f*i + 66 = 2*q. Is i prime?
True
Let o be 1 + -1 + (-2 - -24). Suppose o = w - 0*w. Is w a prime number?
False
Let j be ((-2)/4)/((-2)/(-24)). Let d = -1 - j. Suppose -3*s - 66 = -5*m, -m + d*s = -0*m. Is m a prime number?
False
Let d(u) = -u. Let f be d(-2). Let g(l) = l**2 + 9*l + 9. Let h be g(-8). Suppose q - h = f. Is q prime?
True
Let f(w) = w**3 - 4*w**2 - 4*w - 1. Let u be f(5). Let v(k) = -k + 30. Let p be v(0). Suppose -r = u*r - p. Is r composite?
True
Suppose -96 = -j + 67. Is j prime?
True
Is -5 + (1576 - 0/4) a prime number?
True
Suppose -11 = -2*c - 3. Is 1758/12*c/2 prime?
True
Let v(u) = u. Suppose 2*j + 10 = -3*a, -4*j - 14 - 2 = 4*a. Let m be v(a). Let x = m + 5. Is x prime?
True
Let k(j) = -5*j**3 - 5*j**2 - j - 167. Let f(u) = 6*u**3 + 6*u**2 + u + 168. Let v(y) = -4*f(y) - 5*k(y). Is v(0) a prime number?
True
Suppose -2*o + o - n = 0, -3*n - 6 = 0. Suppose -5*c - 2 = t, o*t + 3*c - 2 + 6 = 0. Is ((-37)/t)/(2/4) a prime number?
True
Let u be 750/15*6/(-4). Let k = -20 - u. Is k prime?
False
Suppose 2*v = 4*k - 82, 4*v = 2*k + 2*k - 152. Let c = v + 69. Is c composite?
True
Is (4/(-2))/(6*(-7)/37317) composite?
False
Let c(a) = a + 7. Let f be c(-5). Suppose k + f*k = 36. Is 2/k*-2*-201 prime?
True
Let o(m) = 6*m**2 + 3*m - 7. Suppose 0 = -u + 5*u - 24. Let l be (-38)/u + 3/9. Is o(l) a composite number?
False
Let y(f) = f**3 - 3*f**2 - 3*f + 1. Let b be y(4). Let s(n) = 2*n**2 + 13*n + 22. Let m(x) = x**2 + 7*x + 11. Let k(c) = b*m(c) - 2*s(c). Is k(-11) prime?
False
Suppose 2*v + 5 = 3*v. Let w(i) = i**2 + i + 6. Let b be w(-5). Suppose 0 = -v*j - g + 273 + b, 8 = 2*g. Is j a composite number?
False
Let x(b) = b**2 - 3. Let f be x(-3). Is ((-106)/f)/(16/(-48)) a prime number?
True
Let o(g) = -g**2 - 5*g - 1. Let p be o(-4). Suppose 2*y - p = -5. Let v(q) = 14*q**2. Is v(y) composite?
True
Let p = 3 - 2. Let d = p + 14. Is d a prime number?
False
Let m = 38 - -22. Let k = -95 + 54. Let j = k + m. Is j prime?
True
Let k(z) = 28*z**2 + 6*z + 5. Let l be 11/(-3) + (-10)/(-15). Is k(l) composite?
False
Let q = -3 - 2. Suppose -31 - 7 = -2*i. Let u = i + q. Is u a prime number?
False
Let k = 89 + -139. Let w = k - -139. Is w a composite number?
False
Suppose 256 = 2*o - 5*j, -2*o + 252 = -0*o - 4*j. Is o composite?
True
Suppose -w = 4*q - 1176, -3*q + 891 = -0*q + 3*w. Is q a prime number?
True
Let l = 48 + -33. Let n = -5 + l. Is n prime?
False
Suppose -5*t = -j - 13 - 13, -3*j - 28 = -5*t. Suppose -t*r = 4*k - 2*r, -16 = 4*r. Suppose 3*f = -4*o + 113, f + 70 = k*f + 4*o. Is f composite?
False
Let o = 4203 - -1378. Is o prime?
True
Let d be (0/3 - -2) + -2. Suppose d = 5*a - a - 224. Is (-1208)/(-14) - 16/a composite?
True
Let f = -2 + 0. Let w = f - -6. Suppose -w*z = g - 53, -z = -3*g + 2*g + 33. Is g composite?
False
Let s = -21 - -11. Let h be (-146)/s - (-6)/15. Suppose h = -d - 2*v + 47, 4*v - 42 = -d. Is d composite?
True
Let p be (-16)/(-12)*(-12)/1. Let o = 179 + p. Is o a prime number?
True
Is (236/6)/(4/6) a prime number?
True
Let a(s) = -9*s**3 + 4*s**2 + 2*s - 2. Let v be a(-2). Suppose 4*r - 50 - v = 0. Is r a composite number?
True
Suppose -20 = -4*u - u. Suppose -u*i + 2*i = -178. Is i a prime number?
True
Suppose 78 - 258 = -5*p. Let s = 73 + p. Is s a prime number?
True
Let n = 1342 + -413. Is n a composite number?
False
Let v = -27 - -77. Suppose 2*o = -0*o + v. Is o prime?
False
Let d = 2050 - 1347. Is d a prime number?
False
Suppose -5*m - 147 = -3*k, -151 = 5*m - k + 2*k. Let a be m/4*8/(-12). Suppose -d - 49 = -2*d - 2*r, -a*d = -3*r - 297. Is d a prime number?
False
Let g(v) = 3 - 7*v**2 + 6*v**2 + 2 + v. Let i be g(4). Is 4/(-14) - 324/i a composite number?
True
Suppose 0 = l - 3 - 1, 0 = 4*v + 4*l - 460. Is v a prime number?
False
Let t(a) = -a**2 + 7. Let m be t(-4). Let j(d) be the first derivative of -d**4/4 - 10*d**3/3 - 7*d**2 - 8*d + 1. Is j(m) composite?
False
Suppose 4*s - 3*u - 130 - 252 = 0, -4*s - 4*u + 396 = 0. Suppose 3*a - 3*o - 502 + s = 0, -286 = -2*a - 2*o. Is a a composite number?
False
Suppose 4*o - 549 = -13. Is o + 0 + (2 - 2) a prime number?
False
Suppose 2*m - 4 = 6. Suppose -4*b - 98 = x - 3*x, -150 = m*b + 3*x. Let j = 112 + b. Is j prime?
False
Let t = -7 - -8. Let a be 3*t/((-3)/(-2)). Suppose 67 = a*o - 151. Is o composite?
False
Suppose 5*m - 276 = -61. Let p be m/4 - 5/(-20). Suppose p = z - 0. Is z a composite number?
False
Suppose -5*k + 2*w = -923, -5*w + 560 = 6*k - 3*k. Is k a prime number?
False
Let a(d) be the second derivative of -d**5/20 - d**4/12 + d**3/6 - d**2/2 - 5*d. Is a(-3) prime?
False
Let f = -219 + 536. Is f a composite number?
False
Let j(r) = 4495*r**2. Let f(l) = -214*l**2. Let s(q) = 62*f(q) + 3*j(q). Is s(1) composite?
True
Let s(d) = -10*d**2 - d. Let i be s(-1). Let n(u) = -16*u - 11. Is n(i) a prime number?
False
Suppose 105 = a - 2*v, 5*v - 2*v = 5*a - 497. Is a prime?
True
Let q(p) = -5*p - 6. Let m be q(-4). Let z be (-5)/20 + m/(-8). Is 222/12 - z/4 prime?
True
Suppose 0*g + g = -5. Let q be 2/(g/(30/(-4))). Is (-382)/(-3) - q/9 composite?
False
Let s(h) = h**3 + 2*h**2 - h + 673. Is s(0) prime?
True
Suppose -4*c = -4*o + 8, -3*c = -0*o - 5*o + 6. Let n = 2 - o. Is 4/n - 4 - -51 a composite number?
True
Let z = 2 - -2. Suppose -z*p = -0*p - 20. Suppose -9 = p*v + 11, -2*s + 4*v = -46. Is s composite?
True
Suppose -1505 = -0*p - 5*p. Is p composite?
True
Suppose 1958 = -9*b + 4*b + 2*z, 5*z = 20. Is (b/9)/((-2)/3) a prime number?
False
Let c = 34 + -62. I